{"id":7042,"date":"2025-06-05T18:19:39","date_gmt":"2025-06-05T18:19:39","guid":{"rendered":"https:\/\/tq-canada.online\/?page_id=7042"},"modified":"2025-08-17T17:52:06","modified_gmt":"2025-08-17T17:52:06","slug":"procedure-tqvisa","status":"publish","type":"page","link":"https:\/\/tq-canada.com\/?page_id=7042","title":{"rendered":"Proc\u00e9dure TQVISA"},"content":{"rendered":"<h2 style=\"text-align: center;\">Quelle est la proc\u00e9dure \u00e0 suivre pour pr\u00e9senter une demande de Travailleurs Qualifi\u00e9s \u00e0 titre de candidat du Canada?<\/h2>\n<h4>Le Programme des travailleurs qualifi\u00e9s s\u2019adresse aux travailleurs qualifi\u00e9s qui ont une exp\u00e9rience de travail et qui souhaitent devenir r\u00e9sidents permanents.<\/h4>\n<h4>\nNous choisissons des travailleurs qualifi\u00e9s en fonction de leur formation, de leur exp\u00e9rience de travail, de leurs comp\u00e9tences linguistiques et d\u2019autres crit\u00e8res. Ces travailleurs comprennent :<\/h4>\n<h4>les personnes occupant des emplois qui requi\u00e8rent habituellement :<br \/>\n<span style=\"color: #ff0000;\">un dipl\u00f4me universitaire<\/span><br \/>\n<span style=\"color: #ff0000;\">un dipl\u00f4me coll\u00e9gial, ou<\/span><br \/>\n<span style=\"color: #ff0000;\">une formation d\u2019apprenti<\/span><\/h4>\n<h4>Voici les grandes \u00e9tapes :<\/h4>\n<ol>\n<li>\n<h3><strong> V\u00e9rification d\u2019admissibilit\u00e9<\/strong><\/h3>\n<\/li>\n<\/ol>\n<h4>\u00c9valuer si vous remplissez les crit\u00e8res (\u00e2ge, langue, dipl\u00f4mes, exp\u00e9rience de travail, fonds).<br \/>\n\u23f3 Dur\u00e9e : quelques jours.<\/h4>\n<ol start=\"2\">\n<li>\n<h3><strong> Tests et \u00e9valuations<\/strong><\/h3>\n<\/li>\n<\/ol>\n<h4>Passer un test de langue (IELTS, TEF, CELPIP, TCF) et faire \u00e9valuer vos dipl\u00f4mes par un organisme (EDE \u2013 WES, ICAS, etc.).<br \/>\n\u23f3 Dur\u00e9e : 1 \u00e0 3 mois.<\/h4>\n<ol start=\"3\">\n<li>\n<h3><strong> Cr\u00e9ation du profil<\/strong><\/h3>\n<\/li>\n<\/ol>\n<h4>Cr\u00e9er un compte en ligne PTQC et entrer vos informations pour obtenir un score CRS.<br \/>\n\u23f3 Dur\u00e9e : 1 \u00e0 2 semaines.<\/h4>\n<ol start=\"4\">\n<li>\n<h3><strong> Bassin de candidats<\/strong><\/h3>\n<\/li>\n<\/ol>\n<h4>Votre profil est plac\u00e9 dans le bassin. Vous attendez qu\u2019un tirage ait lieu et que vous receviez une invitation.<br \/>\n\u23f3 Dur\u00e9e : variable, de quelques semaines.<\/h4>\n<ol start=\"5\">\n<li>\n<h3><strong> Apr\u00e8s l\u2019Invitation \u00e0 pr\u00e9senter une demande <\/strong><\/h3>\n<\/li>\n<\/ol>\n<h4>Vous devez soumettre votre dossier complet avec tous les documents (preuves d\u2019exp\u00e9rience, fonds financiers, casier judiciaire, examens m\u00e9dicaux, etc.).<br \/>\n\u23f3 D\u00e9lai maximum : 60 jours.<\/h4>\n<ol start=\"6\">\n<li>\n<h3><strong> Traitement de la demande<\/strong><\/h3>\n<\/li>\n<\/ol>\n<h4>PTQC v\u00e9rifie vos documents, sant\u00e9, s\u00e9curit\u00e9 et ant\u00e9c\u00e9dents.<br \/>\n\u23f3 Dur\u00e9e : environ 6 mois.<\/h4>\n<ol start=\"7\">\n<li>\n<h3><strong> D\u00e9cision finale<\/strong><\/h3>\n<\/li>\n<\/ol>\n<h4>Si accept\u00e9e, vous recevez la <strong>Confirmation de r\u00e9sidence permanente (CRP)<\/strong>.<\/h4>\n<ol start=\"8\">\n<li>\n<h3><strong> Arriv\u00e9e au Canada<\/strong><\/h3>\n<\/li>\n<\/ol>\n<h4>Vous entrez au Canada avec votre CRP, devenez r\u00e9sident permanent et recevez votre carte RP.<br \/>\n\u23f3 Carte RP : quelques semaines apr\u00e8s l\u2019arriv\u00e9e.<\/h4>\n<h4><span style=\"color: #ff0000;\">\ud83d\udc49 Globalement, entre le d\u00e9but des d\u00e9marches et l\u2019arriv\u00e9e au Canada, il faut compter <strong>8 \u00e0 12 mois en moyenne<\/strong>.<\/span><\/h4>\n<p>&nbsp;<\/p>\n","protected":false},"excerpt":{"rendered":"<p>Quelle est la proc\u00e9dure \u00e0 suivre pour pr\u00e9senter une demande de Travailleurs Qualifi\u00e9s \u00e0 titre de candidat du Canada? Le<\/p>\n","protected":false},"author":1,"featured_media":0,"parent":0,"menu_order":0,"comment_status":"closed","ping_status":"closed","template":"","meta":{"footnotes":""},"class_list":["post-7042","page","type-page","status-publish","hentry"],"yoast_head":"<!-- This site is optimized with the Yoast SEO plugin v25.2 - https:\/\/yoast.com\/wordpress\/plugins\/seo\/ -->\n<title>Proc\u00e9dure TQVISA - Investissez dans l&#039;avenir<\/title>\n<meta name=\"robots\" content=\"index, follow, max-snippet:-1, max-image-preview:large, max-video-preview:-1\" \/>\n<link rel=\"canonical\" href=\"https:\/\/tq-canada.com\/?page_id=7042\" \/>\n<meta property=\"og:locale\" content=\"fr_FR\" \/>\n<meta property=\"og:type\" content=\"article\" \/>\n<meta property=\"og:title\" content=\"Proc\u00e9dure TQVISA - Investissez dans l&#039;avenir\" \/>\n<meta property=\"og:description\" content=\"Quelle est la proc\u00e9dure \u00e0 suivre pour pr\u00e9senter une demande de Travailleurs Qualifi\u00e9s \u00e0 titre de candidat du Canada? Le\" \/>\n<meta property=\"og:url\" content=\"https:\/\/tq-canada.com\/?page_id=7042\" \/>\n<meta property=\"og:site_name\" content=\"Investissez dans l&#039;avenir\" \/>\n<meta property=\"article:modified_time\" content=\"2025-08-17T17:52:06+00:00\" \/>\n<meta name=\"twitter:card\" content=\"summary_large_image\" \/>\n<meta name=\"twitter:label1\" content=\"Dur\u00e9e de lecture estim\u00e9e\" \/>\n\t<meta name=\"twitter:data1\" content=\"2 minutes\" \/>\n<script type=\"application\/ld+json\" class=\"yoast-schema-graph\">{\"@context\":\"https:\/\/schema.org\",\"@graph\":[{\"@type\":\"WebPage\",\"@id\":\"https:\/\/tq-canada.com\/?page_id=7042\",\"url\":\"https:\/\/tq-canada.com\/?page_id=7042\",\"name\":\"Proc\u00e9dure TQVISA - Investissez dans l&#039;avenir\",\"isPartOf\":{\"@id\":\"https:\/\/tq-canada.com\/#website\"},\"datePublished\":\"2025-06-05T18:19:39+00:00\",\"dateModified\":\"2025-08-17T17:52:06+00:00\",\"breadcrumb\":{\"@id\":\"https:\/\/tq-canada.com\/?page_id=7042#breadcrumb\"},\"inLanguage\":\"fr-FR\",\"potentialAction\":[{\"@type\":\"ReadAction\",\"target\":[\"https:\/\/tq-canada.com\/?page_id=7042\"]}]},{\"@type\":\"BreadcrumbList\",\"@id\":\"https:\/\/tq-canada.com\/?page_id=7042#breadcrumb\",\"itemListElement\":[{\"@type\":\"ListItem\",\"position\":1,\"name\":\"Accueil\",\"item\":\"https:\/\/tq-canada.com\/\"},{\"@type\":\"ListItem\",\"position\":2,\"name\":\"Proc\u00e9dure TQVISA\"}]},{\"@type\":\"WebSite\",\"@id\":\"https:\/\/tq-canada.com\/#website\",\"url\":\"https:\/\/tq-canada.com\/\",\"name\":\"Investissez dans l&#039;avenir\",\"description\":\"Un travailleur qualifi\u00e9, un travail bien r\u00e9mun\u00e9r\u00e9\",\"potentialAction\":[{\"@type\":\"SearchAction\",\"target\":{\"@type\":\"EntryPoint\",\"urlTemplate\":\"https:\/\/tq-canada.com\/?s={search_term_string}\"},\"query-input\":{\"@type\":\"PropertyValueSpecification\",\"valueRequired\":true,\"valueName\":\"search_term_string\"}}],\"inLanguage\":\"fr-FR\"}]}<\/script>\n<!-- \/ Yoast SEO plugin. -->","yoast_head_json":{"title":"Proc\u00e9dure TQVISA - Investissez dans l&#039;avenir","robots":{"index":"index","follow":"follow","max-snippet":"max-snippet:-1","max-image-preview":"max-image-preview:large","max-video-preview":"max-video-preview:-1"},"canonical":"https:\/\/tq-canada.com\/?page_id=7042","og_locale":"fr_FR","og_type":"article","og_title":"Proc\u00e9dure TQVISA - Investissez dans l&#039;avenir","og_description":"Quelle est la proc\u00e9dure \u00e0 suivre pour pr\u00e9senter une demande de Travailleurs Qualifi\u00e9s \u00e0 titre de candidat du Canada? Le","og_url":"https:\/\/tq-canada.com\/?page_id=7042","og_site_name":"Investissez dans l&#039;avenir","article_modified_time":"2025-08-17T17:52:06+00:00","twitter_card":"summary_large_image","twitter_misc":{"Dur\u00e9e de lecture estim\u00e9e":"2 minutes"},"schema":{"@context":"https:\/\/schema.org","@graph":[{"@type":"WebPage","@id":"https:\/\/tq-canada.com\/?page_id=7042","url":"https:\/\/tq-canada.com\/?page_id=7042","name":"Proc\u00e9dure TQVISA - Investissez dans l&#039;avenir","isPartOf":{"@id":"https:\/\/tq-canada.com\/#website"},"datePublished":"2025-06-05T18:19:39+00:00","dateModified":"2025-08-17T17:52:06+00:00","breadcrumb":{"@id":"https:\/\/tq-canada.com\/?page_id=7042#breadcrumb"},"inLanguage":"fr-FR","potentialAction":[{"@type":"ReadAction","target":["https:\/\/tq-canada.com\/?page_id=7042"]}]},{"@type":"BreadcrumbList","@id":"https:\/\/tq-canada.com\/?page_id=7042#breadcrumb","itemListElement":[{"@type":"ListItem","position":1,"name":"Accueil","item":"https:\/\/tq-canada.com\/"},{"@type":"ListItem","position":2,"name":"Proc\u00e9dure TQVISA"}]},{"@type":"WebSite","@id":"https:\/\/tq-canada.com\/#website","url":"https:\/\/tq-canada.com\/","name":"Investissez dans l&#039;avenir","description":"Un travailleur qualifi\u00e9, un travail bien r\u00e9mun\u00e9r\u00e9","potentialAction":[{"@type":"SearchAction","target":{"@type":"EntryPoint","urlTemplate":"https:\/\/tq-canada.com\/?s={search_term_string}"},"query-input":{"@type":"PropertyValueSpecification","valueRequired":true,"valueName":"search_term_string"}}],"inLanguage":"fr-FR"}]}},"_links":{"self":[{"href":"https:\/\/tq-canada.com\/index.php?rest_route=\/wp\/v2\/pages\/7042","targetHints":{"allow":["GET"]}}],"collection":[{"href":"https:\/\/tq-canada.com\/index.php?rest_route=\/wp\/v2\/pages"}],"about":[{"href":"https:\/\/tq-canada.com\/index.php?rest_route=\/wp\/v2\/types\/page"}],"author":[{"embeddable":true,"href":"https:\/\/tq-canada.com\/index.php?rest_route=\/wp\/v2\/users\/1"}],"replies":[{"embeddable":true,"href":"https:\/\/tq-canada.com\/index.php?rest_route=%2Fwp%2Fv2%2Fcomments&post=7042"}],"version-history":[{"count":4,"href":"https:\/\/tq-canada.com\/index.php?rest_route=\/wp\/v2\/pages\/7042\/revisions"}],"predecessor-version":[{"id":7116,"href":"https:\/\/tq-canada.com\/index.php?rest_route=\/wp\/v2\/pages\/7042\/revisions\/7116"}],"wp:attachment":[{"href":"https:\/\/tq-canada.com\/index.php?rest_route=%2Fwp%2Fv2%2Fmedia&parent=7042"}],"curies":[{"name":"wp","href":"https:\/\/api.w.org\/{rel}","templated":true}]}}